[INFO] cloning repository https://github.com/aqiank/test-cookie-rust
[INFO] running `Command { std: "git" "-c" "credential.helper=" "-c" "credential.helper=/workspace/cargo-home/bin/git-credential-null" "clone" "--bare" "https://github.com/aqiank/test-cookie-rust" "/workspace/cache/git-repos/https%3A%2F%2Fgithub.com%2Faqiank%2Ftest-cookie-rust", kill_on_drop: false }`
[INFO] [stderr] Cloning into bare repository '/workspace/cache/git-repos/https%3A%2F%2Fgithub.com%2Faqiank%2Ftest-cookie-rust'...
[INFO] running `Command { std: "git" "rev-parse" "HEAD", kill_on_drop: false }`
[INFO] [stdout] 113d377d4d63ec6b2635e36a146b9cbd81c500a6
[INFO] checking aqiank/test-cookie-rust against try#72f88fc4e9458f89516a0b8b0868f3718aec5b47 for pr-74989
[INFO] running `Command { std: "git" "clone" "/workspace/cache/git-repos/https%3A%2F%2Fgithub.com%2Faqiank%2Ftest-cookie-rust" "/workspace/builds/worker-1/source", kill_on_drop: false }`
[INFO] [stderr] Cloning into '/workspace/builds/worker-1/source'...
[INFO] [stderr] done.
[INFO] validating manifest of git repo https://github.com/aqiank/test-cookie-rust on toolchain 72f88fc4e9458f89516a0b8b0868f3718aec5b47
[INFO] running `Command { std: "/workspace/cargo-home/bin/cargo" "+72f88fc4e9458f89516a0b8b0868f3718aec5b47" "read-manifest" "--manifest-path" "Cargo.toml", kill_on_drop: false }`
[INFO] started tweaking git repo https://github.com/aqiank/test-cookie-rust
[INFO] finished tweaking git repo https://github.com/aqiank/test-cookie-rust
[INFO] tweaked toml for git repo https://github.com/aqiank/test-cookie-rust written to /workspace/builds/worker-1/source/Cargo.toml
[INFO] crate git repo https://github.com/aqiank/test-cookie-rust already has a lockfile, it will not be regenerated
[INFO] running `Command { std: "/workspace/cargo-home/bin/cargo" "+72f88fc4e9458f89516a0b8b0868f3718aec5b47" "fetch" "--locked" "--manifest-path" "Cargo.toml", kill_on_drop: false }`
[INFO] [stderr] error: the lock file /workspace/builds/worker-1/source/Cargo.lock needs to be updated but --locked was passed to prevent this
[INFO] [stderr] If you want to try to generate the lock file without accessing the network, use the --offline flag.
[INFO] the lockfile is outdated, regenerating it
[INFO] running `Command { std: "/workspace/cargo-home/bin/cargo" "+72f88fc4e9458f89516a0b8b0868f3718aec5b47" "generate-lockfile" "--manifest-path" "Cargo.toml" "-Zno-index-update", kill_on_drop: false }`
[INFO] running `Command { std: "/workspace/cargo-home/bin/cargo" "+72f88fc4e9458f89516a0b8b0868f3718aec5b47" "fetch" "--locked" "--manifest-path" "Cargo.toml", kill_on_drop: false }`
[INFO] [stderr]  Downloading crates ...
[INFO] [stderr]   Downloaded mount v0.4.0
[INFO] [stderr]   Downloaded sequence_trie v0.3.6
[INFO] [stderr]   Downloaded staticfile v0.5.0
[INFO] [stderr]   Downloaded cookie v0.14.2
[INFO] running `Command { std: "docker" "create" "-v" "/var/lib/crater-agent-workspace/builds/worker-1/target:/opt/rustwide/target:rw,Z" "-v" "/var/lib/crater-agent-workspace/builds/worker-1/source:/opt/rustwide/workdir:ro,Z" "-v" "/var/lib/crater-agent-workspace/cargo-home:/opt/rustwide/cargo-home:ro,Z" "-v" "/var/lib/crater-agent-workspace/rustup-home:/opt/rustwide/rustup-home:ro,Z" "-e" "SOURCE_DIR=/opt/rustwide/workdir" "-e" "CARGO_TARGET_DIR=/opt/rustwide/target" "-e" "CARGO_HOME=/opt/rustwide/cargo-home" "-e" "RUSTUP_HOME=/opt/rustwide/rustup-home" "-w" "/opt/rustwide/workdir" "-m" "1610612736" "--user" "0:0" "--network" "none" "rustops/crates-build-env@sha256:d92eaeed33fa75130ca1ee6c8a01d1ffb62bac859dfdfb3450e3e5d1c0146529" "/opt/rustwide/cargo-home/bin/cargo" "+72f88fc4e9458f89516a0b8b0868f3718aec5b47" "metadata" "--no-deps" "--format-version=1", kill_on_drop: false }`
[INFO] [stderr] WARNING: Your kernel does not support swap limit capabilities or the cgroup is not mounted. Memory limited without swap.
[INFO] [stdout] 66200c958f6a559c99ec8393f3a0df2ffb034916c22927aec5dfe0995b37e568
[INFO] running `Command { std: "docker" "start" "-a" "66200c958f6a559c99ec8393f3a0df2ffb034916c22927aec5dfe0995b37e568", kill_on_drop: false }`
[INFO] running `Command { std: "docker" "inspect" "66200c958f6a559c99ec8393f3a0df2ffb034916c22927aec5dfe0995b37e568", kill_on_drop: false }`
[INFO] running `Command { std: "docker" "rm" "-f" "66200c958f6a559c99ec8393f3a0df2ffb034916c22927aec5dfe0995b37e568", kill_on_drop: false }`
[INFO] [stdout] 66200c958f6a559c99ec8393f3a0df2ffb034916c22927aec5dfe0995b37e568
[INFO] running `Command { std: "docker" "create" "-v" "/var/lib/crater-agent-workspace/builds/worker-1/target:/opt/rustwide/target:rw,Z" "-v" "/var/lib/crater-agent-workspace/builds/worker-1/source:/opt/rustwide/workdir:ro,Z" "-v" "/var/lib/crater-agent-workspace/cargo-home:/opt/rustwide/cargo-home:ro,Z" "-v" "/var/lib/crater-agent-workspace/rustup-home:/opt/rustwide/rustup-home:ro,Z" "-e" "SOURCE_DIR=/opt/rustwide/workdir" "-e" "CARGO_TARGET_DIR=/opt/rustwide/target" "-e" "CARGO_INCREMENTAL=0" "-e" "RUST_BACKTRACE=full" "-e" "RUSTFLAGS=--cap-lints=forbid" "-e" "CARGO_HOME=/opt/rustwide/cargo-home" "-e" "RUSTUP_HOME=/opt/rustwide/rustup-home" "-w" "/opt/rustwide/workdir" "-m" "1610612736" "--user" "0:0" "--network" "none" "rustops/crates-build-env@sha256:d92eaeed33fa75130ca1ee6c8a01d1ffb62bac859dfdfb3450e3e5d1c0146529" "/opt/rustwide/cargo-home/bin/cargo" "+72f88fc4e9458f89516a0b8b0868f3718aec5b47" "check" "--frozen" "--all" "--all-targets" "--message-format=json", kill_on_drop: false }`
[INFO] [stderr] WARNING: Your kernel does not support swap limit capabilities or the cgroup is not mounted. Memory limited without swap.
[INFO] [stdout] 08bb547becd33b7526f7d04e2147fea37f3181935aca4d857b98c0ea234a3d95
[INFO] running `Command { std: "docker" "start" "-a" "08bb547becd33b7526f7d04e2147fea37f3181935aca4d857b98c0ea234a3d95", kill_on_drop: false }`
[INFO] [stderr]     Blocking waiting for file lock on package cache
[INFO] [stderr]    Compiling rand_core v0.4.2
[INFO] [stderr]    Compiling version_check v0.1.5
[INFO] [stderr]    Compiling siphasher v0.2.3
[INFO] [stderr]    Compiling log v0.4.11
[INFO] [stderr]     Checking traitobject v0.1.0
[INFO] [stderr]     Checking tinyvec v0.3.4
[INFO] [stderr]     Checking safemem v0.3.3
[INFO] [stderr]     Checking typeable v0.1.2
[INFO] [stderr]     Checking language-tags v0.2.2
[INFO] [stderr]     Checking modifier v0.1.0
[INFO] [stderr]    Compiling const_fn v0.4.2
[INFO] [stderr]     Checking sequence_trie v0.3.6
[INFO] [stderr]     Checking route-recognizer v0.1.13
[INFO] [stderr]    Compiling standback v0.2.10
[INFO] [stderr]    Compiling time v0.2.19
[INFO] [stderr]    Compiling cookie v0.14.2
[INFO] [stderr]    Compiling libc v0.2.77
[INFO] [stderr]     Checking unsafe-any v0.4.2
[INFO] [stderr]     Checking num_cpus v1.13.0
[INFO] [stderr]     Checking base64 v0.9.3
[INFO] [stderr]    Compiling syn v1.0.40
[INFO] [stderr]     Checking typemap v0.3.3
[INFO] [stderr]    Compiling rand_core v0.3.1
[INFO] [stderr]    Compiling rand_pcg v0.1.2
[INFO] [stderr]    Compiling rand_jitter v0.1.4
[INFO] [stderr]    Compiling rand_xorshift v0.1.1
[INFO] [stderr]    Compiling rand_hc v0.1.0
[INFO] [stderr]    Compiling rand_chacha v0.1.1
[INFO] [stderr]    Compiling rand_isaac v0.1.1
[INFO] [stderr]     Checking unicode-normalization v0.1.13
[INFO] [stderr]     Checking plugin v0.2.6
[INFO] [stderr]    Compiling unicase v1.4.2
[INFO] [stderr]     Checking log v0.3.9
[INFO] [stderr]     Checking mime v0.2.6
[INFO] [stderr]    Compiling rand_os v0.1.3
[INFO] [stderr]     Checking phf_shared v0.7.24
[INFO] [stderr]    Compiling rand v0.6.5
[INFO] [stderr]    Compiling phf v0.7.24
[INFO] [stderr]     Checking idna v0.1.5
[INFO] [stderr]     Checking url v1.7.2
[INFO] [stderr]    Compiling phf_generator v0.7.24
[INFO] [stderr]    Compiling phf_codegen v0.7.24
[INFO] [stderr]    Compiling mime_guess v1.8.8
[INFO] [stderr]     Checking hyper v0.10.16
[INFO] [stderr]     Checking iron v0.6.1
[INFO] [stderr]     Checking mount v0.4.0
[INFO] [stderr]     Checking router v0.6.0
[INFO] [stderr]     Checking staticfile v0.5.0
[INFO] [stderr]    Compiling time-macros-impl v0.1.1
[INFO] [stderr]     Checking time-macros v0.1.0
[INFO] [stderr]     Checking test-cookie-rust v0.1.0 (/opt/rustwide/workdir)
[INFO] [stdout] error[E0425]: cannot find function `now` in crate `time`
[INFO] [stdout]   --> src/main.rs:39:21
[INFO] [stdout]    |
[INFO] [stdout] 39 |     let now = time::now() + time::Duration::minutes(1);
[INFO] [stdout]    |                     ^^^ not found in `time`
[INFO] [stdout] 
[INFO] [stdout] 
[INFO] [stdout] error[E0425]: cannot find function `strftime` in crate `time`
[INFO] [stdout]   --> src/main.rs:46:68
[INFO] [stdout]    |
[INFO] [stdout] 46 |     let c = Cookie::new("Expires".to_string(), format!("{}", time::strftime("%a, %d-%b-%Y %T %Z", &now).unwrap()));
[INFO] [stdout]    |                                                                    ^^^^^^^^ not found in `time`
[INFO] [stdout] 
[INFO] [stdout] 
[INFO] [stdout] warning: unnecessary parentheses around function argument
[INFO] [stdout]   --> src/main.rs:33:23
[INFO] [stdout]    |
[INFO] [stdout] 33 |     Ok(Response::with((status::Ok)))
[INFO] [stdout]    |                       ^^^^^^^^^^^^ help: remove these parentheses
[INFO] [stdout]    |
[INFO] [stdout]    = note: `#[warn(unused_parens)]` on by default
[INFO] [stdout] 
[INFO] [stdout] 
[INFO] [stdout] warning: unnecessary parentheses around function argument
[INFO] [stdout]   --> src/main.rs:37:39
[INFO] [stdout]    |
[INFO] [stdout] 37 |     let mut response = Response::with((status::Ok));
[INFO] [stdout]    |                                       ^^^^^^^^^^^^ help: remove these parentheses
[INFO] [stdout] 
[INFO] [stdout] 
[INFO] [stdout] error[E0425]: cannot find function `now` in crate `time`
[INFO] [stdout]   --> src/main.rs:39:21
[INFO] [stdout]    |
[INFO] [stdout] 39 |     let now = time::now() + time::Duration::minutes(1);
[INFO] [stdout]    |                     ^^^ not found in `time`
[INFO] [stdout] 
[INFO] [stdout] 
[INFO] [stdout] error[E0425]: cannot find function `strftime` in crate `time`
[INFO] [stdout]   --> src/main.rs:46:68
[INFO] [stdout]    |
[INFO] [stdout] 46 |     let c = Cookie::new("Expires".to_string(), format!("{}", time::strftime("%a, %d-%b-%Y %T %Z", &now).unwrap()));
[INFO] [stdout]    |                                                                    ^^^^^^^^ not found in `time`
[INFO] [stdout] 
[INFO] [stdout] 
[INFO] [stdout] warning: unnecessary parentheses around function argument
[INFO] [stdout]   --> src/main.rs:33:23
[INFO] [stdout]    |
[INFO] [stdout] 33 |     Ok(Response::with((status::Ok)))
[INFO] [stdout]    |                       ^^^^^^^^^^^^ help: remove these parentheses
[INFO] [stdout]    |
[INFO] [stdout]    = note: `#[warn(unused_parens)]` on by default
[INFO] [stdout] 
[INFO] [stdout] 
[INFO] [stdout] warning: unnecessary parentheses around function argument
[INFO] [stdout]   --> src/main.rs:37:39
[INFO] [stdout]    |
[INFO] [stdout] 37 |     let mut response = Response::with((status::Ok));
[INFO] [stdout]    |                                       ^^^^^^^^^^^^ help: remove these parentheses
[INFO] [stdout] 
[INFO] [stdout] 
[INFO] [stdout] error[E0616]: field `expires` of struct `cookie::Cookie` is private
[INFO] [stdout]   --> src/main.rs:42:7
[INFO] [stdout]    |
[INFO] [stdout] 42 |     a.expires = Some(now);
[INFO] [stdout]    |       ^^^^^^^ private field
[INFO] [stdout] 
[INFO] [stdout] 
[INFO] [stdout] error[E0616]: field `expires` of struct `cookie::Cookie` is private
[INFO] [stdout]   --> src/main.rs:42:7
[INFO] [stdout]    |
[INFO] [stdout] 42 |     a.expires = Some(now);
[INFO] [stdout]    |       ^^^^^^^ private field
[INFO] [stdout] 
[INFO] [stdout] 
[INFO] [stdout] error[E0308]: mismatched types
[INFO] [stdout]   --> src/main.rs:48:45
[INFO] [stdout]    |
[INFO] [stdout] 48 |     let setcookie = headers::SetCookie(vec![a, b, c]);
[INFO] [stdout]    |                                             ^
[INFO] [stdout]    |                                             |
[INFO] [stdout]    |                                             expected struct `String`, found struct `cookie::Cookie`
[INFO] [stdout]    |                                             help: try using a conversion method: `a.to_string()`
[INFO] [stdout] 
[INFO] [stdout] 
[INFO] [stdout] error[E0061]: this function takes 3 arguments but 2 arguments were supplied
[INFO] [stdout]   --> src/main.rs:56:12
[INFO] [stdout]    |
[INFO] [stdout] 56 |     router.get("/cookie", cookie_handler);
[INFO] [stdout]    |            ^^^ ---------  -------------- supplied 2 arguments
[INFO] [stdout]    |            |
[INFO] [stdout]    |            expected 3 arguments
[INFO] [stdout] 
[INFO] [stdout] 
[INFO] [stdout] error[E0061]: this function takes 3 arguments but 2 arguments were supplied
[INFO] [stdout]   --> src/main.rs:57:12
[INFO] [stdout]    |
[INFO] [stdout] 57 |     router.get("/setcookie", set_cookie_handler);
[INFO] [stdout]    |            ^^^ ------------  ------------------ supplied 2 arguments
[INFO] [stdout]    |            |
[INFO] [stdout]    |            expected 3 arguments
[INFO] [stdout] 
[INFO] [stdout] 
[INFO] [stdout] error[E0308]: mismatched types
[INFO] [stdout]   --> src/main.rs:48:45
[INFO] [stdout]    |
[INFO] [stdout] 48 |     let setcookie = headers::SetCookie(vec![a, b, c]);
[INFO] [stdout]    |                                             ^
[INFO] [stdout]    |                                             |
[INFO] [stdout]    |                                             expected struct `String`, found struct `cookie::Cookie`
[INFO] [stdout]    |                                             help: try using a conversion method: `a.to_string()`
[INFO] [stdout] 
[INFO] [stdout] 
[INFO] [stdout] error[E0061]: this function takes 3 arguments but 2 arguments were supplied
[INFO] [stdout]   --> src/main.rs:56:12
[INFO] [stdout]    |
[INFO] [stdout] 56 |     router.get("/cookie", cookie_handler);
[INFO] [stdout]    |            ^^^ ---------  -------------- supplied 2 arguments
[INFO] [stdout]    |            |
[INFO] [stdout]    |            expected 3 arguments
[INFO] [stdout] 
[INFO] [stdout] 
[INFO] [stdout] error[E0061]: this function takes 3 arguments but 2 arguments were supplied
[INFO] [stdout]   --> src/main.rs:57:12
[INFO] [stdout]    |
[INFO] [stdout] 57 |     router.get("/setcookie", set_cookie_handler);
[INFO] [stdout]    |            ^^^ ------------  ------------------ supplied 2 arguments
[INFO] [stdout]    |            |
[INFO] [stdout]    |            expected 3 arguments
[INFO] [stdout] 
[INFO] [stdout] 
[INFO] [stdout] error: aborting due to 6 previous errors; 2 warnings emitted
[INFO] [stdout] 
[INFO] [stdout] 
[INFO] [stdout] Some errors have detailed explanations: E0061, E0308, E0425, E0616.
[INFO] [stdout] 
[INFO] [stdout] For more information about an error, try `rustc --explain E0061`.
[INFO] [stdout] 
[INFO] [stdout] error: aborting due to 6 previous errors; 2 warnings emitted
[INFO] [stdout] 
[INFO] [stdout] 
[INFO] [stdout] Some errors have detailed explanations: E0061, E0308, E0425, E0616.
[INFO] [stdout] 
[INFO] [stdout] For more information about an error, try `rustc --explain E0061`.
[INFO] [stdout] 
[INFO] [stderr] error: could not compile `test-cookie-rust`.
[INFO] [stderr] 
[INFO] [stderr] To learn more, run the command again with --verbose.
[INFO] [stderr] warning: build failed, waiting for other jobs to finish...
[INFO] [stderr] error: build failed
[INFO] running `Command { std: "docker" "inspect" "08bb547becd33b7526f7d04e2147fea37f3181935aca4d857b98c0ea234a3d95", kill_on_drop: false }`
[INFO] running `Command { std: "docker" "rm" "-f" "08bb547becd33b7526f7d04e2147fea37f3181935aca4d857b98c0ea234a3d95", kill_on_drop: false }`
[INFO] [stdout] 08bb547becd33b7526f7d04e2147fea37f3181935aca4d857b98c0ea234a3d95
